-7
Let h(b) = b**3 - 13*b**2 + 25*b - 25. Calculate h(11).
8
Let b(f) = 15*f + 3. What is b(-7)?
-102
Let w(i) = i**3 - 11*i**2 + 16*i + 12. What is w(9)?
-6
Let x(d) = -5*d - 55. Calculate x(-12).
5
Let r(h) = -4*h - 62. Give r(-18).
10
Let l(i) = -2*i**3 - 2*i**2 + 14*i + 4. Calculate l(4).
-100
Let j(i) = -i**3 - 11*i**2 - i - 18. Determine j(-11).
-7
Let r(p) = p**3 - 11*p**2 + 15*p + 17. Give r(9).
-10
Let b(p) = -14*p**3 + 2*p**2 + p. Give b(-1).
15
Let a(y) = -y + 4. Give a(4).
0
Let y(q) = q**3 - 7*q**2 + 7*q + 4. Give y(4).
-16
Let d(n) = -19*n + 23. What is d(7)?
-110
Let u(t) = -t**2 + 6*t + 18. Determine u(6).
18
Let i(m) = -m**2 - 6*m + 7. What is i(-7)?
0
Let p(t) = 4*t + 20. Give p(-6).
-4
Let h(z) = 7*z**2 - 27*z - 19. What is h(6)?
71
Let z(u) = -u**2 - 12*u - 7. Determine z(-7).
28
Let u(v) = -2*v**2 + 3*v - 6. Give u(3).
-15
Let j(g) = g - 12. Determine j(-9).
-21
Let u(i) = 2*i + 89. Calculate u(-8).
73
Let y(b) = -9*b - 82. Calculate y(-12).
26
Let b(f) = -17*f + 10. Give b(4).
-58
Let q(n) = -n**3 - 5*n**2 - 5. Determine q(-5).
-5
Let n(l) = l**2 - 13*l + 15. What is n(10)?
-15
Let l(t) = 2*t**2 - 31*t - 43. Determine l(14).
-85
Let s(j) = 13*j - 10. What is s(2)?
16
Let u(j) = -j**2 - 2*j - 20. Determine u(0).
-20
Let r(w) = 45*w + 2517. Determine r(-56).
-3
Let c(t) = t**3 - 13*t**2 - 17*t + 35. Determine c(14).
-7
Let y(u) = -76*u - 1. Give y(2).
-153
Let t(o) = -29*o + 21. What is t(1)?
-8
Let m(l) = -l**2 - 10*l + 11. Give m(-10).
11
Let z(u) = -u**2 + 1. Calculate z(-2).
-3
Let u(q) = 6*q**2 + 39*q - 31. Determine u(-7).
-10
Let g(y) = y**3 + 6*y**2 - 12*y + 38. What is g(-8)?
6
Let q(c) = 56*c**2. Give q(-1).
56
Let p(o) = o**3 - 4*o**2 + 3*o. What is p(3)?
0
Let j(y) = y**3 + 5*y**2 - 17*y - 79. Determine j(-6).
-13
Let c(d) = -2*d**2 + 42*d - 141. Determine c(17).
-5
Let o(n) = -18*n - 1. What is o(1)?
-19
Let n(p) = -p**3 + 5*p**2 + 2*p + 19. Determine n(6).
-5
Let y(r) = 3*r + 29. Determine y(-9).
2
Let i(b) = -b**2 + b + 2. What is i(3)?
-4
Let v(m) = m**3 - 14*m**2 - 5*m + 12. What is v(14)?
-58
Let f(a) = 5*a + 17. Determine f(-5).
-8
Let i(a) = a**2 - 50*a + 92. Determine i(48).
-4
Let p(c) = -6*c + 1. What is p(2)?
-11
Let z(m) = -m**3 + 5*m**2 + m - 9. Calculate z(5).
-4
Let c(d) = 3*d - 3. What is c(-5)?
-18
Let q(l) = 46*l + 553. Give q(-12).
1
Let o(n) = -n**2 + 6*n - 4. Give o(8).
-20
Let v(f) = 2*f**3 + 27*f**2 + 12*f - 23. Determine v(-13).
-10
Let i(w) = 3*w - 15. Determine i(13).
24
Let u(r) = r**2 - 13*r + 37. Give u(3).
7
Let u(y) = -19*y + 43. Determine u(4).
-33
Let z(h) = h**3 + 28*h**2 - 7. Determine z(-28).
-7
Let i(s) = -s**2 - 7*s - 6. Give i(-5).
4
Let h(l) = 36*l**2 + 2*l - 1. What is h(1)?
37
Let f(z) = 8*z + 12. Determine f(-12).
-84
Let t(w) = 71*w - 1. What is t(1)?
70
Let f(k) = k**3 + 8*k**2 + 7*k + 10. Give f(-7).
10
Let b(i) = 5*i - 3. What is b(5)?
22
Let b(k) = -9*k + 5. What is b(1)?
-4
Let j(q) = 4*q**2 + q - 2. Determine j(1).
3
Let n(d) = d**2 + 6*d - 3. Determine n(-6).
-3
Let l(p) = p**3 - 39*p**2 + 5*p - 183. Give l(39).
12
Let p(m) = -26*m**3 + 2*m**2 + m. Give p(-1).
27
Let h(x) = -x**3 - 7*x**2 + 9*x - 2. Calculate h(-8).
-10
Let n(m) = -20*m + 2. What is n(-1)?
22
Let v(i) = -18*i + 49. Determine v(6).
-59
Let u(q) = q**2 + 44*q + 187. What is u(-5)?
-8
Let f(w) = w**2 + 24*w - 64. What is f(-26)?
-12
Let m(o) = -2*o - 22. Give m(-13).
4
Let c(v) = 22*v - 838. What is c(38)?
-2
Let q(h) = -13*h - 38. What is q(-3)?
1
Let b(l) = -3*l + 57. Calculate b(20).
-3
Let a(r) = -3*r - 1. What is a(7)?
-22
Let c(n) = 2*n**2 + 16*n + 19. What is c(-8)?
19
Let r(k) = 4*k**2 + 21*k - 11. Determine r(-6).
7
Let d(q) = -q**3 - 5*q**2 + 11*q - 22. Give d(-7).
-1
Let h(s) = s**2 - 8*s - 10. Give h(10).
10
Let k(u) = 19*u**3 + u**2 - u - 1. Determine k(-1).
-18
Let b(p) = -15*p + 1. What is b(0)?
1
Let c(q) = -7*q + 51. Calculate c(0).
51
Let u(a) = -a**3 + 9*a**2 - 16*a - 29. Determine u(6).
-17
Let q(n) = -2*n**3 - 49*n**2 - 24*n - 54. What is q(-24)?
-54
Let n(c) = 2*c**2. Calculate n(-3).
18
Let x(a) = -a**2 - 2*a + 36. Determine x(5).
1
Let j(y) = -y**3 + 6*y**2 + 9*y - 10. What is j(7)?
4
Let j(h) = h + 5. What is j(-5)?
0
Let w(h) = -h + 75. Determine w(22).
53
Let z(b) = 3*b - 22. What is z(5)?
-7
Let d(m) = m**3 - 10*m**2 - 4*m - 8. What is d(10)?
-48
Let j(b) = 26*b - 127. Calculate j(6).
29
Let o(i) = -12*i**2 - 3*i + 3. Give o(2).
-51
Let f(p) = -p**3 + 7*p**2 - p + 3. Give f(6).
33
Let i(r) = 3*r - 20. Give i(4).
-8
Let g(t) = -6*t - 188. Give g(-32).
4
Let d(b) = b**2 - 13*b + 12. Calculate d(9).
-24
Let l(d) = -d - 1. Calculate l(-3).
2
Let m(y) = y**2 - 2*y + 12. Give m(0).
12
Let g(o) = o + 9. Determine g(-10).
-1
Let v(s) = s**2 - 12*s - 10. Determine v(11).
-21
Let m(h) = h**2 + 6*h + 5. Determine m(-2).
-3
Let m(c) = 46*c**3 - 2*c**2 + 1. Determine m(-1).
-47
Let s(p) = 7*p + 2. Determine s(2).
16
Let l(w) = 13*w + 102. Determine l(-7).
11
Let h(v) = 2*v**2 - 27*v - 7. What is h(14)?
7
Let r(x) = -x**3 - 17*x**2 - 14*x + 42. Give r(-16).
10
Let m(l) = -2*l**3 - l**2 + 5*l + 2. What is m(-3)?
32
Let p(d) = -d**3 + 20*d**2 + 2*d - 27. Determine p(20).
13
Let b(l) = l**2 + 36*l + 315. Give b(-15).
0
Let g(u) = -13*u**3 - u - 1. Calculate g(-1).
13
Let k(n) = -n**2 - 10*n - 10. What is k(-6)?
14
Let g(l) = l**3 - 12*l**2 - 2*l + 29. What is g(12)?
5
Let w(g) = -6*g - 18. What is w(-6)?
18
Let k(h) = 4*h - 7. Give k(1).
-3
Let n(b) = -3*b**2 - 29*b + 7. Give n(-6).
73
Let o(p) = -3*p + 20. What is o(6)?
2
Let a(w) = -w**2 - 6*w + 13. Determine a(-9).
-14
Let a(k) = 3*k**3 + 4*k**2 + 3*k. What is a(-2)?
-14
Let d(t) = -t**2 + 36*t + 50. Calculate d(38).
-26
Let b(l) = -l**3 + l - 25. Calculate b(0).
-25
Let v(n) = -n**3 + 12*n**2 - n + 1. Determine v(12).
-11
Let q(n) = -16*n**3 + n**2 - 2*n + 1. Determine q(1).
-16
Let n(j) = 3*j**3 - 5*j**2 + 3*j. Determine n(3).
45
Let b(g) = 2*g**2 + 58*g + 274. Determine b(-23).
-2
Let f(d) = 2*d**3 + 4*d - 1. Calculate f(3).
65
Let f(j) = -j**3 + 23*j**2 + 51*j - 30. Calculate f(25).
-5
Let x(a) = -a**2 - 8*a + 311. Give x(14).
3
Let v(h) = -h**3 - 5*h**2 - 5*h + 4. Calculate v(-4).
8
Let y(c) = 9*c + 85. What is y(-13)?
-32
Let b(n) = n + 3. What is b(-8)?
-5
Let c(z) = z - 31. Calculate c(32).
1
Let b(r) = r**2 - 8*r + 11. Give b(6).
-1
Let n(j) = -4*j + 59. Give n(-18).
131
Let h(b) = -b**3 + 12*b**2 - 28*b - 39. What is h(8)?
-7
Let c(v) = -v**3 - 6*v**2 + v + 3. Give c(-6).
-3
Let s(b) = -14*b - 103. Calculate s(-8).
9
Let l(u) = 2*u**2 + 14*u - 3. Determine l(-8).
13
Let c(d) = -17*d**2 - d + 1. Determine c(1).
-17
Let s(b) = 4*b**2 + 2*b. Calculate s(1).
6
Let x(d) = -2*d**2 + d - 4. Calculate x(-3).
-25
Let z(g) = -10*g**2 - 62*g - 3. What is z(-6)?
9
Let v(t) = 28*t. Give v(-1).
-28
Let z(g) = -6*g**3 - 11*g + 11. Calculate z(1).
-6
Let i(d) = -7*d + 6. What is i(-5)?
41
Let p(i) = i**3 - 7*i**2 - i - 1. Calculate p(7).
-8
Let f(h) = -h**3 - h**2 + 5*h + 2. Calculate f(-2).
-4
Let z(f) = -5*f - 294. Give z(-60).
6
Let w(f) = -3*f - 62. What is w(15)?
-107
Let s(l) = l**3 - 8*l**2 + 4*l + 3. Determine s(7).
-18
Let g(k) = -k**3 + k**2 - 2*k + 2. Calculate g(0).
2
Let m(l) = -2*l**2 - 3*l + 3. Determine m(1).
-2
Let s(d) = -11*d + 100. Calculate s(9).
1
Let g(l) = 2*l**3 - 8*l**2 + 4*l - 7. What is g(3)?
-13
Let a(j) = 12*j + 87. Calculate a(-5).
27
Let l(x) = 2*x - 43. What is l(23)?
3
Let a(n) = n**3 + 3*n**2 + 3*n + 12. Determine a(-3).
3
Let j(n) = -9*n + 4. Determine j(-1).
13
Let b(l) = l**3 - 4*l - 4. What is b(0)?
-4
Let u(s) = -s - 4. What is u(-25)?
21
Let x(m) = 38*m**3 + 2*m - 3. Calculate x(1).
37
Let o(i) = 2*i - 9. What is o(-8)?
-25
Let d(h) = 12*h - 136. Calculate d(12).
8
Let c(x) = -x**3 - 4*x**2 + 2*x + 9. What is c(-4)?
1
Let r(w) = -2*w**2 + 11*w - 10. Calculate r(8).
-50
Let s(d) = -4*d - 51. Give s(-12).
-3
Let m(b) = b**3 + 5*b**2 + b - 4. What is m(-5)?
-9
Let s(h) = -4*h - 17. Determine s(-7).
11
Let d(f) = f - 18. Determine d(8).
-10
Let d(z) = 5*z - 5. Determine d(-5).
-30
Let c(d) = -13*d + 37. What is c(0)?
37
Let g(z) = z**3 + 6*z**2 + 3*z + 10. Calculate g(-6).
-8
Let f(x) = -8*x - 7. Calculate f(-3).
17
Let t(k) = -2*k**3 - k**2 - 1. Give t(-2).
11
Let j(r) = -r**2 - 6*r + 4. Give j(-6